, 3847
List the prime factors of 81696.
2, 3, 23, 37
What are the prime factors of 352132?
2, 11, 53, 151
What are the prime factors of 2228317?
7, 13, 47, 521
List the prime factors of 2318470.
2, 5, 7, 11, 3011
List the prime factors of 203620.
2, 5, 10181
What are the prime factors of 30084037?
41, 733757
What are the prime factors of 1647797?
1647797
List the prime factors of 1107547.
7, 3229
What are the prime factors of 12142243?
1153, 10531
What are the prime factors of 7736586?
2, 3, 11, 13, 71, 127
What are the prime factors of 10020340?
2, 5, 11, 37, 1231
List the prime factors of 1251147.
3, 29, 73, 197
What are the prime factors of 9744877?
89, 223, 491
What are the prime factors of 150761?
13, 11597
What are the prime factors of 359058?
2, 3, 7, 83, 103
What are the prime factors of 14006593?
457, 30649
What are the prime factors of 3475160?
2, 5, 13, 41, 163
List the prime factors of 1774034.
2, 887017
What are the prime factors of 10087196?
2, 7, 360257
What are the prime factors of 9510?
2, 3, 5, 317
What are the prime factors of 64864?
2, 2027
List the prime factors of 145700.
2, 5, 31, 47
What are the prime factors of 49995?
3, 5, 11, 101
What are the prime factors of 6945106?
2, 7, 496079
What are the prime factors of 43811?
193, 227
List the prime factors of 3690130.
2, 5, 369013
What are the prime factors of 5770528?
2, 19, 9491
List the prime factors of 1183394.
2, 31, 19087
What are the prime factors of 295415?
5, 59083
List the prime factors of 706248.
2, 3, 17, 577
List the prime factors of 212904.
2, 3, 2957
List the prime factors of 403407.
3, 67, 223
What are the prime factors of 14674182?
2, 3, 2445697
List the prime factors of 519562.
2, 259781
List the prime factors of 15641489.
15641489
What are the prime factors of 110086?
2, 19, 2897
List the prime factors of 304564.
2, 13, 5857
What are the prime factors of 454322?
2, 11, 107, 193
List the prime factors of 663215.
5, 7, 2707
List the prime factors of 2727395.
5, 11, 17, 2917
What are the prime factors of 834897?
3, 7, 83, 479
List the prime factors of 4540959.
3, 23, 21937
What are the prime factors of 9208487?
23, 71, 5639
What are the prime factors of 544269?
3, 11, 16493
What are the prime factors of 62424?
2, 3, 17
List the prime factors of 4439926.
2, 37, 59999
What are the prime factors of 4416585?
3, 5, 294439
List the prime factors of 11999761.
11999761
List the prime factors of 36870692.
2, 9217673
What are the prime factors of 2833652?
2, 59, 12007
What are the prime factors of 204037?
211, 967
What are the prime factors of 391070?
2, 5, 39107
What are the prime factors of 7384136?
2, 923017
What are the prime factors of 3599439?
3, 1199813
What are the prime factors of 1878074?
2, 11, 19, 4493
List the prime factors of 4743704.
2, 7, 23, 29, 127
What are the prime factors of 101369?
167, 607
What are the prime factors of 17747061?
3, 1483, 3989
What are the prime factors of 19570232?
2, 11, 222389
List the prime factors of 1041963.
3, 13, 26717
List the prime factors of 310216.
2, 17, 2281
What are the prime factors of 6738031?
6738031
List the prime factors of 5454911.
7, 11, 70843
List the prime factors of 695000.
2, 5, 139
List the prime factors of 3582119.
3582119
What are the prime factors of 3035075?
5, 121403
List the prime factors of 1540493.
41, 37573
List the prime factors of 35186869.
547, 64327
What are the prime factors of 19192382?
2, 11, 872381
List the prime factors of 1023244.
2, 491, 521
List the prime factors of 1324360.
2, 5, 113, 293
List the prime factors of 2568009.
3, 31, 53, 521
What are the prime factors of 5646780?
2, 3, 5, 10457
What are the prime factors of 11075725?
5, 43, 10303
List the prime factors of 27275.
5, 1091
List the prime factors of 323032.
2, 149, 271
List the prime factors of 28525571.
1951, 14621
List the prime factors of 2310913.
11, 19, 11057
List the prime factors of 159099.
3, 181, 293
What are the prime factors of 4101323?
491, 8353
List the prime factors of 577448.
2, 19, 29, 131
List the prime factors of 1945965.
3, 5, 7, 43, 431
What are the prime factors of 9238238?
2, 401, 11519
List the prime factors of 10937386.
2, 5468693
List the prime factors of 1113326.
2, 109, 5107
List the prime factors of 6397697.
6397697
What are the prime factors of 33495123?
3, 11165041
What are the prime factors of 2379809?
2379809
List the prime factors of 2005883.
11, 182353
List the prime factors of 6950492.
2, 1737623
What are the prime factors of 1780653?
3, 7, 84793
What are the prime factors of 27205628?
2, 6801407
List the prime factors of 135489.
3, 19, 2377
List the prime factors of 1493368.
2, 186671
What are the prime factors of 12549692?
2, 29, 108187
What are the prime factors of 8035?
5, 1607
What are the prime factors of 29736442?
2, 257, 57853
What are the prime factors of 10338335?
5, 7, 79, 3739
List the prime factors of 8201309.
37, 221657
What are the prime factors of 3862500?
2, 3, 5, 103
List the prime factors of 1333489.
1333489
What are the prime factors of 32949?
3, 7, 523
List the prime factors of 11892996.
2, 3, 17, 19433
What are the prime factors of 1359851?
47, 28933
What are the prime factors of 5390760?
2, 3, 5, 167, 269
List the prime factors of 3541618.
2, 1061, 1669
What are the prime factors of 27433158?
2, 3, 23, 269, 739
List the prime factors of 2683803.
3, 823, 1087
List the prime factors of 983795.
5, 41, 4799
What are the prime factors of 85?
5, 17
List the prime factors of 244968.
2, 3, 59, 173
List the prime factors of 44329.
97, 457
What are the prime factors of 202448?
2, 12653
List the prime factors of 444234.
2, 3, 7, 1511
List the prime factors of 1233809.
17, 72577
What are the prime factors of 295944?
2, 3, 11, 19, 59
What are the prime factors of 2457411?
3, 11, 113, 659
List the prime factors of 538813.
11, 61, 73
What are the prime factors of 1760352?
2, 3, 11, 1667
What are the prime factors of 501145?
5, 73, 1373
What are the prime factors of 222352?
2, 13, 1069
List the prime factors of 4530450.
2, 3, 5, 30203
List the prime factors of 3101124.
2, 3, 13, 103, 193
What are the prime factors of 6101126?
2, 1093, 2791
What are the prime factors of 88727?
83, 1069
What are the prime factors of 14706688?
2, 43, 167
What are the prime factors of 621228?
2, 3, 51769
What are the prime factors of 336231?
3, 7, 593
List the prime factors of 1365316.
2, 173, 1973
What are the prime factors of 2166254?
2, 43, 25189
What are the prime factors of 40732?
2, 17, 599
List the prime factors of 790357.
37, 41, 521
List the prime factors of 91796.
2, 53, 433
What are the prime factors of 736157?
31, 23747
What are the prime factors of 4916673?
3, 182099
List the prime factors of 552912.
2, 3, 11519
What are the prime factors of 3061211?
29, 283, 373
What are the prime factors of 12116072?
2, 19, 79, 1009
What are the prime factors of 83322?
2, 3, 1543
List the prime factors of 2191986.
2, 3, 47, 2591
What are the prime factors of 107759?
197, 547
List the prime factors of 15415898.
2, 53, 145433
What are the prime factors of 2825334?
2, 3, 52321
List the prime factors of 384364.
2, 307, 313
What are the prime factors of 25810645?
5, 7, 19, 37, 1049
What are the prime factors of 16762805?
5, 1831
What are the prime factors of 1295442?
2, 3, 79, 911
What are the prime factors of 3076163?
3076163
List the prime factors of 140332.
2, 35083
What are the prime factors of 4143624?
2, 3, 41, 4211
List the prime factors of 1949867.
317, 6151
What are the prime factors of 395490?
2, 3, 5, 13183
What are the prime factors of 54186?
2, 3, 11, 821
What are the prime factors of 859372?
2, 23, 9341
What are the prime factors of 354700?
2, 5, 3547
What are the prime factors of 2495617?
17, 146801
What are the prime factors of 4717958?
2, 7, 336997
What are the prime factors of 24086004?
2, 3, 431, 4657
List the prime factors of 17938361.
7, 41, 8929
What are the prime factors of 4589378?
2, 2294689
What are the prime factors of 5324790?
2, 3, 5, 177493
What are the prime factors of 8579369?
479, 17911
What are the prime factors of 1195805?
5, 13, 18397
What are the prime factors of 2499896?
2, 7, 44641
List the prime factors of 486901.
331, 1471
What are the prime factors of 2362307?
23,